et p(s) = s**2 + 18*s + 127. Determine p(-9).
46
Let z(u) = 1893*u - 5732. What is z(3)?
-53
Let o(t) = -2*t**3 + 2*t**2 + 6*t + 7. Calculate o(-4).
143
Let b(r) = 422*r - 15194. Calculate b(36).
-2
Let z(q) = 15*q**2 - 149*q - 5. Give z(10).
5
Let s(q) = -2*q**3 + 46*q**2 + 155*q + 26. Give s(26).
0
Let j(b) = -6*b**2 + b - 19. Calculate j(-4).
-119
Let z(b) = b**3 + 2*b**2 - 75*b - 327. What is z(-5)?
-27
Let k(g) = -312*g + 919. Determine k(3).
-17
Let i(w) = -33*w**3 - w**2 - 11*w + 31. Determine i(2).
-259
Let p(l) = 376*l - 451. Calculate p(2).
301
Let z(v) = -27*v - 109. Give z(-7).
80
Let w(a) = a**3 + 4*a**2 + 16*a + 14. Determine w(-6).
-154
Let h(r) = 7*r - 376. Give h(17).
-257
Let t(o) = 3131*o - 6283. Calculate t(2).
-21
Let c(w) = w - 6. Determine c(16).
10
Let x(r) = -2*r**3 - 51*r**2 - 68*r - 1072. Give x(-25).
3
Let a(u) = 29*u + 745. Give a(-25).
20
Let t(y) = y**2 - 21*y + 22. Calculate t(25).
122
Let u(a) = -2*a**2 + 8*a + 113. Give u(11).
-41
Let q(t) = -3*t**2 + 25*t + 104. Calculate q(11).
16
Let p(c) = c**2 + 100*c + 2005. Give p(-28).
-11
Let j(g) = -3*g**3 + 16*g**2 - 8*g + 20. Give j(5).
5
Let a(h) = 53*h + 327. Give a(-5).
62
Let v(f) = -f**3 + 113*f**2 - 112*f + 14. Calculate v(112).
14
Let x(b) = 22*b - 434. Determine x(23).
72
Let g(i) = 10*i**3 - 781*i**2 + 78*i + 11. Calculate g(78).
11
Let f(a) = -39*a**2 - 7*a - 4. What is f(-1)?
-36
Let k(y) = 15*y + 75. Give k(-4).
15
Let w(k) = 137*k + 1424. What is w(-10)?
54
Let n(h) = 84*h - 282. Give n(6).
222
Let l(s) = -s**3 - 68*s**2 - 136*s - 199. Determine l(-66).
65
Let y(g) = 62*g - 5270. What is y(84)?
-62
Let b(k) = 99*k + 1247. Calculate b(-13).
-40
Let w(c) = c**2 - 6*c - 160. What is w(-11)?
27
Let x(d) = 42*d + 2349. Determine x(-56).
-3
Let c(x) = -x**2 - 127*x - 47. Give c(0).
-47
Let h(q) = -11220*q + 11222. Calculate h(1).
2
Let q(y) = y**2 - 36*y + 35. Calculate q(34).
-33
Let u(o) = -48*o + 11. Calculate u(2).
-85
Let f(p) = p**2 + 23*p + 70. Calculate f(-8).
-50
Let c(j) = 12*j**2 - 37*j + 37. What is c(1)?
12
Let t(k) = 2*k**3 + 3*k**2 + 984*k + 1974. Calculate t(-2).
2
Let b(y) = -y**3 - 17*y**2 + 40*y + 44. What is b(-19)?
6
Let i(s) = 22*s - 456. What is i(23)?
50
Let d(l) = l**3 + 5*l**2 - 15*l - 33. Calculate d(-6).
21
Let i(k) = -k**2 - 67*k + 39. What is i(-8)?
511
Let o(s) = s**3 - 12*s**2 - 2*s - 140. Calculate o(13).
3
Let x(w) = 2*w**3 + 7*w**2 + 95*w + 393. What is x(-4)?
-3
Let o(i) = 3*i**2 + 146*i - 118. What is o(-50)?
82
Let l(m) = m**3 - 6*m**2 + 47*m - 174. Determine l(4).
-18
Let i(f) = 44*f**2 - 2375*f - 55. Calculate i(54).
-1
Let c(i) = -2*i**2 - 26*i + 590. Give c(-25).
-10
Let z(t) = 30*t - 1144. Determine z(38).
-4
Let m(s) = s**3 - 32*s**2 - 102*s - 102. Calculate m(35).
3
Let u(x) = -2*x**2 - 98*x - 73. Give u(-47).
115
Let n(t) = -2*t**3 + 2*t**2 - 16*t - 34. Determine n(-2).
22
Let g(z) = -z**2 + 7*z - 43. What is g(9)?
-61
Let h(g) = -10*g**2 - 115*g - 5. Determine h(-11).
50
Let j(y) = y**3 + 74*y**2 - 62*y + 1038. Determine j(-75).
63
Let n(h) = -75*h - 16598. What is n(-221)?
-23
Let a(k) = -k**2 + 123*k - 1652. Calculate a(12).
-320
Let p(x) = -2*x**3 - 64*x**2 + 455*x - 8. Determine p(6).
-14
Let j(z) = 529*z + 14281. Give j(-27).
-2
Let k(x) = -207*x - 1455. Calculate k(-7).
-6
Let t(a) = 603*a - 1850. Determine t(3).
-41
Let k(x) = 194*x**2 - 2*x + 2. Determine k(1).
194
Let o(w) = 7*w**2 - 19*w + 123. Calculate o(9).
519
Let x(r) = -4*r**3 + 68*r**2 - 166*r - 7. What is x(3)?
-1
Let f(q) = -374*q + 10382. Give f(28).
-90
Let j(a) = 15*a + 427. Calculate j(-29).
-8
Let g(h) = -h**3 + 6*h**2 + 42*h - 290. Calculate g(6).
-38
Let c(b) = 4*b**2 - 390*b - 2920. Give c(-7).
6
Let h(c) = 3*c**2 + 26*c + 10. What is h(-5)?
-45
Let m(j) = 2*j**3 + j**2 - 6*j - 23. Give m(-3).
-50
Let k(x) = 219*x + 203. What is k(-1)?
-16
Let c(z) = 788*z + 786. What is c(-1)?
-2
Let k(j) = -30*j + 711. Determine k(25).
-39
Let y(x) = -x**2 - 232*x + 3428. Determine y(14).
-16
Let g(n) = -n**3 + 8*n**2 + 45*n - 121. What is g(11)?
11
Let h(z) = -11*z**3 - 34*z**2 - 25*z - 68. Give h(-4).
192
Let d(q) = q**2 - 31*q + 2. Determine d(33).
68
Let k(z) = -z**3 + 6*z**2 + 19*z - 13. Calculate k(7).
71
Let c(w) = -w**3 + 328*w**2 + 2334*w - 14. Determine c(-7).
63
Let y(w) = -3*w**3 - 78*w**2 - 146*w - 42. Give y(-24).
6
Let g(k) = k**3 - 7*k**2 - 23*k + 71. Give g(9).
26
Let k(g) = -553*g - 2616. Give k(-7).
1255
Let r(m) = -2*m**3 + m**2 + 2*m - 27. Determine r(3).
-66
Let m(l) = -6*l**3 + 14*l**2 + 5*l + 20. What is m(3)?
-1
Let j(m) = -24*m**2 - 233*m + 69. Determine j(-10).
-1
Let r(t) = -9*t**2 - 84*t - 90. Determine r(-8).
6
Let s(m) = 73*m + 267. Give s(-6).
-171
Let t(x) = 9*x**2 - 343*x - 66. Give t(38).
-104
Let v(m) = 264*m + 4051. Give v(-16).
-173
Let k(f) = f**3 + 18*f**2 + 17*f + 83. Calculate k(-15).
503
Let a(d) = -14*d - 46. What is a(-5)?
24
Let s(d) = d**2 + 27*d - 135. Give s(5).
25
Let o(u) = -u**3 - 5*u**2 + 145*u + 3. Give o(10).
-47
Let n(q) = 7*q - 7. Determine n(-19).
-140
Let g(q) = -2*q**3 + 76*q**2 - 49*q - 916. What is g(37)?
9
Let t(u) = -2*u**3 - 23*u**2 - 10*u - 35. What is t(-8)?
-403
Let s(t) = t**3 - 75*t**2 - 76*t + 22. Determine s(76).
22
Let u(g) = g**3 + 9*g**2 + 21*g + 154. Give u(-8).
50
Let c(m) = m**3 + 44*m**2 - 187*m + 232. Give c(-48).
-8
Let x(p) = -3642*p + 222161. What is x(61)?
-1
Let g(b) = -1082*b + 36792. Calculate g(34).
4
Let u(w) = w**3 + 13*w**2 + 54*w - 8. What is u(-14)?
-960
Let h(w) = -w**2 + 31*w + 129. What is h(34)?
27
Let r(c) = -c**3 + 7*c**2 - 6*c + 94. Calculate r(0).
94
Let c(u) = -3*u**2 - 4796*u + 38558. Give c(8).
-2
Let p(j) = j**2 + 46*j - 591. Determine p(-57).
36
Let o(v) = -v**3 - 24*v**2 + 535*v + 89. Give o(-38).
-25
Let a(z) = -2*z**3 - 22*z**2 + 7*z + 84. Calculate a(-11).
7
Let y(h) = 2*h + 11. Calculate y(5).
21
Let n(r) = 52*r + 20. Calculate n(-1).
-32
Let u(a) = 899*a + 18865. What is u(-21)?
-14
Let q(g) = g**3 + 17*g**2 + 62*g - 1. Give q(-12).
-25
Let q(s) = -226*s - 305. What is q(-3)?
373
Let w(s) = -2*s**3 - 138*s**2 - s - 61. Give w(-69).
8
Let z(m) = 83*m + 11460. Give z(-138).
6
Let j(c) = c**2 + 11*c + 85. Determine j(-12).
97
Let t(n) = -4*n**2 + 1629*n + 6537. Determine t(-4).
-43
Let n(s) = -s**2 + 6*s - 56. Determine n(7).
-63
Let o(b) = 304*b**2 - 8*b - 3. Calculate o(-1).
309
Let j(l) = -93*l + 1318. What is j(14)?
16
Let a(r) = -85*r + 1110. Determine a(13).
5
Let h(d) = -2*d**3 + 150*d**2 - 149*d + 19. Determine h(74).
-55
Let q(r) = -r**3 + 14*r**2 - 56*r + 98. What is q(9)?
-1
Let r(z) = -441*z + 8497. Calculate r(19).
118
Let y(n) = 4*n**2 + 94*n - 252. What is y(-26)?
8
Let w(h) = -h**2 + 7*h + 55. Give w(-6).
-23
Let s(y) = 31*y - 1013. Calculate s(36).
103
Let b(t) = -2*t**2 - 156*t + 831. Determine b(-83).
1
Let z(t) = 4*t**3 - 26*t**2 + 10*t - 53. Calculate z(6).
-65
Let x(u) = u**3 - 55*u**2 + 596*u + 170. Determine x(40).
10
Let l(o) = -o**3 + 64*o**2 + 140*o - 571. Determine l(66).
-43
Let h(j) = 534*j - 479. What is h(1)?
55
Let i(r) = r**3 + 8*r**2 - 16*r - 13. Calculate i(-8).
115
Let z(h) = -55*h**3 + 4*h**2 + 11*h - 5. Give z(-2).
429
Let u(d) = -d**3 - 15*d**2 - 61*d - 1614. Calculate u(-17).
1
Let b(s) = 17*s**2 + 12*s - 5. Determine b(3).
184
Let c(l) = -l**3 + 12*l**2 - 37*l - 23. What is c(6)?
-29
Let a(p) = -19*p**2 + 763*p - 2299. Calculate a(3).
-181
Let w(o) = 69*o + 1721. What is w(-25)?
-4
Let q(j) = 24*j**3 - 2*j**2 + 3. Calculate q(1).
25
Let n(s) = -20*s + 576. Determine n(36).
-144
Let z(b) = 27*b + 9. What is z(-12)?
-315
Let n(k) = -k**2 - 98*k - 720. What is n(-8)?
0
Let d(o) = -22*o + 203. Give d(9).
5
Let x(h) = -419*h + 5444. Determine x(13).
-3
Let u(k) = k**2 - 32*k - 222. Give u(-6).
6
Let d(o) = -18*o + 2. What is d(5)?
-88
Let n(j) = 50*j - 563. What is n(11)?
-13
Let c(n) = -7182*n - 14400. Calculate c(-2).
-36
Let v(j) = -778*j + 103471. Determine v(133).
-3
Let l(k) = 6*k**2 + 55*k + 73. Give l(-6).
-41
Let l(s) = 3*s**3 + 16*s**2 + 20*s + 2. Give l(-5).
-73
Let z(k) = -k**3 - 38*k**2 + 315*k - 126. Determine z(-45).
-126
Let r(a) = 9*a - 582. Determine r(45).
-177
Let i(f) = 2*f + 238. Determine i(-46).
146
Let q(y) = -y**3 - 32*y**2 - y - 31. What is q(-32)?
1
Let f(l) = 7*l**2 - 117*l